se 6, what is -130104 + -113354?
-243502
In base 11, what is 431 - -552?
983
In base 2, what is -11 + 1101010100010101001001?
1101010100010101000110
In base 10, what is -416122 - 38?
-416160
In base 14, what is 1c2396 + -97?
1c22dd
In base 3, what is 12020020 + 1012100?
20102120
In base 7, what is 3121341 + 200?
3121541
In base 11, what is -1a790 + -686?
-20366
In base 15, what is -9330ba8 - -8?
-9330ba0
In base 15, what is -5 - 16b5c8?
-16b5cd
In base 12, what is -1 + -199044a2?
-199044a3
In base 14, what is 68874 - 87?
687cb
In base 12, what is 17661 - 1b9?
17464
In base 12, what is -342910 + -30?
-342940
In base 9, what is -4 - 3008444?
-3008448
In base 8, what is -110 - 12461413?
-12461523
In base 8, what is -251275130 + 14?
-251275114
In base 16, what is -26fe2 - -28?
-26fba
In base 11, what is -7337 + -23323?
-2a65a
In base 7, what is -1 + -356542123?
-356542124
In base 3, what is -20221122202120110 + -2?
-20221122202120112
In base 13, what is -210a7c - -55?
-210a27
In base 13, what is -1b3b5667 - -2?
-1b3b5665
In base 2, what is -11100110001101001000001110 - 10?
-11100110001101001000010000
In base 16, what is 1612587 + 2?
1612589
In base 16, what is -aeea + -2bf5?
-dadf
In base 16, what is 1873002 + -8?
1872ffa
In base 16, what is -2be3e - 609?
-2c447
In base 5, what is 34 + -440130332?
-440130243
In base 16, what is -c6ea - -22?
-c6c8
In base 8, what is 33077 - -2203?
35302
In base 7, what is 2 - -1135024663?
1135024665
In base 14, what is -2b53 + ba?
-2a77
In base 13, what is 6a618 - -4?
6a61c
In base 9, what is -26452326 + 3?
-26452323
In base 5, what is 1 - -211243140330?
211243140331
In base 15, what is 20bcadc7 + -4?
20bcadc3
In base 4, what is 13133030 + 11102310?
30302000
In base 10, what is 2 + 114215962?
114215964
In base 10, what is -1232 + -2460?
-3692
In base 11, what is 9922a079 - 1?
9922a078
In base 9, what is 4183 + 18770?
24063
In base 15, what is -4d6 + 173e3?
16e0c
In base 16, what is 3cc - -1ecfb?
1f0c7
In base 15, what is 6bc3 - 22?
6ba1
In base 6, what is -130543245 + 1?
-130543244
In base 15, what is 163aa + 85?
16440
In base 2, what is 11100101010 + -1010111010001?
-111010100111
In base 14, what is -1062 - -427?
-a39
In base 8, what is -2 - 4513030?
-4513032
In base 16, what is -adff7 + 3?
-adff4
In base 8, what is 5333500 + 10?
5333510
In base 3, what is 1000201 - 112112202?
-111112001
In base 10, what is 6298 - 2591?
3707
In base 5, what is -2 + 2330443441?
2330443434
In base 13, what is 2005 - -1a068?
1c070
In base 5, what is -114122043330 + 4?
-114122043321
In base 6, what is 2 + -12415323310?
-12415323304
In base 10, what is 3337522 - -9?
3337531
In base 12, what is -5 + 840574?
84056b
In base 9, what is -8880510 + 11?
-8880488
In base 10, what is -93657 + 40?
-93617
In base 10, what is 265103 + 41?
265144
In base 16, what is -4ccd21 + 16?
-4ccd0b
In base 16, what is 6 + -3c36ca?
-3c36c4
In base 7, what is 21401 + -46056?
-24355
In base 6, what is 14122443 + 15?
14122502
In base 9, what is 23148 - -26502?
50651
In base 16, what is -1d9a677 + -2?
-1d9a679
In base 7, what is 124230 + -20?
124210
In base 10, what is 236145606 - 3?
236145603
In base 9, what is -3340675 + 11?
-3340664
In base 14, what is 0 + -152c207?
-152c207
In base 2, what is 1100010000110110000100001 - 10101?
1100010000110110000001100
In base 12, what is -13 - -2b48151?
2b4813a
In base 10, what is 45 - -347898?
347943
In base 13, what is 22 + 302857?
302879
In base 4, what is 322 + -311212022330?
-311212022002
In base 11, what is -2 - -7a99696?
7a99694
In base 4, what is 3 + -13013020322?
-13013020313
In base 2, what is 1000011011000100 + 101011001000?
1001000110001100
In base 15, what is -b14a13 + 32?
-b149d1
In base 4, what is -1002203130 + -203?
-1002203333
In base 6, what is -24452405 - -1?
-24452404
In base 6, what is -320 - 1311200?
-1311520
In base 2, what is 1011010100110101 + -10100?
1011010100100001
In base 15, what is -51 + 43465?
43414
In base 15, what is -b52d7 - -ab?
-b522b
In base 12, what is 111ba6810 + -1?
111ba680b
In base 14, what is 6d4410 + 25?
6d4435
In base 2, what is 1011 + -1100111010111000100?
-1100111010110111001
In base 12, what is 7474173 + 3?
7474176
In base 4, what is -12201 + -10023100001?
-10023112202
In base 13, what is 49 + -cca3?
-cc57
In base 6, what is -51 - 1311405?
-1311500
In base 10, what is 5 + 345228?
345233
In base 11, what is -919a - -105a?
-8140
In base 10, what is 6 - -131085?
131091
In base 8, what is 2216327 + -224?
2216103
In base 15, what is 24 + -7423b9?
-742395
In base 6, what is 55520512 + 3?
55520515
In base 11, what is -4 + -13149821?
-13149825
In base 5, what is 11120 + -311?
10304
In base 16, what is 2a5cd + -1?
2a5cc
In base 10, what is -393802 - -12?
-393790
In base 10, what is 84933 + -3?
84930
In base 11, what is -2a5a7 - 27?
-2a623
In base 15, what is -5 + 234b23?
234b1d
In base 9, what is -1037251 - -252?
-1036888
In base 3, what is 100112222 - 210011002?
-102121010
In base 8, what is 4644643 - -5?
4644650
In base 3, what is 1012220020122112 + 12?
1012220020122201
In base 13, what is 3b9c85 + 32?
3b9cb7
In base 14, what is -19b9d + 48?
-19b55
In base 12, what is 52 + ab037?
ab089
In base 8, what is 50220 - -42533?
112753
In base 5, what is 43324 - 201302?
-102423
In base 15, what is -e + 8b61b?
8b60c
In base 8, what is -1006417 - 26?
-1006445
In base 2, what is 111001111110110010001010 - 1?
111001111110110010001001
In base 6, what is -23144 + 120550?
53402
In base 15, what is 1 + -2e7cd5d?
-2e7cd5c
In base 12, what is 12a998 + -1a?
12a97a
In base 10, what is -5 + 7155475?
7155470
In base 7, what is 136021250 - -26?
136021306
In base 8, what is 27243771 - 15?
27243754
In base 5, what is -3103034 + 112144?
-2440340
In base 15, what is -394e + ab?
-3893
In base 12, what is 430305 + -84?
430241
In base 3, what is 2120221010100 + 0?
2120221010100
In base 6, what is 411151 + 1121?
412312
In base 11, what is 276a + -397?
2383
In base 14, what is 227155 + -16?
22713d
In base 3, what is 2111 - 210012120202?
-210012111021
In base 16, what is bfd + 7?
c04
In base 3, what is 12212 - -112120020010100?
112120020100012
In base 6, what is -505355405345 - 0?
-505355405345
In base 16, what is -15bd - 270?
-182d
In base 9, what is 83087 - -123?
83221
In base 15, what is 5 - 1ac84c9?
-1ac84c4
In base 10, what is 3 + -1412236?
-1412233
In base 2, what is -1011011100110101 + 101010011?
-1011010111100010
In base 5, what is -131 + 2321411?
2321230
In base 15, what is -b + daa87?
daa7b
In base 5, what is 1403243 - 10244?
1342444
In base 6, what is 14424 + -20424?
-2000
In base 10, what is -2130587 - 4?
-2130591
In base 13, what is -647 - 311?
-958
In base 5, what is 12 + 241441241220?
241441241232
In base 15, what is e - -482430?
48243e
In base 16, what is e - -f6b3?
f6c1
In base 4, what is -10 + -32020003213?
-32020003223
In base 9, what is -584456 + -61?
-584527
In base 4, what is 23023113320 + 0?
23023113320
In base 5, what is -1100 + 101003011?
101001411
In base 2, what is -111100000001110101001101001 + 101?
-111100000001110101001100100
In base 6, what is 252 - -244113341?
244114033
In base 2, what is 1000000100111001110100 + 1001?
1000000100111001111101
In base 12, what is -640b6 - -74?
-64042
In base 13, what is 4 + 3518a4c?
3518a53
In base 3, what is 120012122022 - -201201?
120020101000
In base 7, what is 142041 + 415?
142456
In base 3, what is 10021110 - 22020211011?
-22010112201
In base 9, what is 1273518 + 4?
1273523
In base 7, what is -4 - 1134352451?
-1134352455
In base 16, what is -ac09 - -1f8?
-aa11
In base 8, what is 211 - -367132?
367343
In base 15, what is 418e6 + -215?
416d1
In base 13, what is a7323 - -4?
a7327
In base 16, what is -72 + -ab65?
-abd7
In base 9, what is -61 - 150068?
-150140
In base 11, what is 1987 - 5100?
-3224
In base 3, what is 2120 + 212222112210?
212222122100
In base 2, what is -1110010011011111 - -10100001?
-1110010000111110
In base 6, what is -3521434244 + -4?
-3521434252
In base 13, what is -7 + 1624ac1?
1624ab7
In base 3, what is 0 - -1120010020010211?
1120010020010211
In base 13, what is -103a3 - 131b?
-116c1
In base 16, what is 112faf2 - -12?
112fb04
In base 7, what is -54 + -110652?
-111036
In base 16, what is -6 - -34e2db?
34e2d5
In base 6, what is 22